ded by (15/6)/((-2)/p)?
13
Let y(h) = -5*h + 8*h + 0*h**2 + 5*h**2 - 4*h**2 - 4. Let r(w) = 12*w**2 + 3*w - 1. What is the remainder when r(2) is divided by y(-6)?
11
Suppose -5*w + 0*k - 4*k + 278 = 0, 160 = 3*w - k. Suppose 0 = 4*a - 42 - w. What is the remainder when a is divided by 15?
9
Let g be 1 + (3 - (2 - 0)). Let t(p) = p**3 - 7*p**2 - 7*p + 1. Calculate the remainder when -66*(-3 - -2)/g is divided by t(8).
6
Suppose 175*w + 336 = 179*w. Let i = 40 + -23. Calculate the remainder when w is divided by i.
16
Suppose 0 = 5*p - 3*u - 310, 3*u - 8*u = -5*p + 310. Calculate the remainder when p is divided by 32.
30
Suppose -6*n = -n - 2515. Let u = n - 354. What is the remainder when u is divided by 25?
24
Suppose -o + 360 = -0*o. Suppose 7*p = 2*p - o. What is the remainder when 33 is divided by (-27)/(-4)*p/(-27)?
15
Suppose -m + 27 = 5*d, -2*d + 6 = -2*m - 0*d. Suppose -c = -m*h - 0*c - 427, 20 = -4*c. What is the remainder when (5/(-2))/(12/h) is divided by 16?
13
Suppose -38*r = -61*r + 69. Let t(f) = f**2 + 4*f + 6. Calculate the remainder when t(-6) is divided by r.
0
Let k be (-6)/(-8) - (-38)/(-8). Let g(f) = -2*f - 5. Let q(o) = -o**2 - 7*o - 8. Calculate the remainder when q(-3) is divided by g(k).
1
Let n(h) = h**3 - 9*h**2 + 13*h - 17. Let k = 68 + -60. Calculate the remainder when ((-2)/4)/((-4)/536) is divided by n(k).
21
Suppose 3*n - v = 196, 4*n - 6*v - 262 = -4*v. Calculate the remainder when n is divided by ((-3)/6)/(2/(-136)).
31
Let c(b) = -b**2 + b + 15. Suppose -s - 4*s = -70. Let r be c(s). Let w = -100 - r. What is the remainder when w is divided by 17?
16
Suppose -3*q + 34 + 112 = 4*i, -q = 5*i - 177. Let g = -7 + 4. Let j = 16 - g. Calculate the remainder when i is divided by j.
16
Suppose 0 = 10*r - 319 - 571. What is the remainder when r is divided by 5?
4
Suppose -13*c + 481 = 24*c. What is the remainder when c is divided by 3?
1
Let v be 3 - ((-1)/1 + 1). What is the remainder when -3*(3 - 2*21/v) is divided by 9?
6
Suppose 815 = 153*h - 152*h. What is the remainder when h is divided by 51?
50
Let g(k) = -2*k + 10 + 8 + 3 + k**2 - 4. Calculate the remainder when g(5) is divided by 17.
15
Suppose 0 = 5*n, -4*n + 24 = 5*h + 4. Calculate the remainder when 30 is divided by h.
2
Let p(l) = -3*l**3 - 5*l**2 + 6*l - 7. Let v(k) = -3*k**3 - 4*k**2 + 5*k - 7. Let d(r) = 4*p(r) - 5*v(r). Calculate the remainder when d(3) is divided by 29.
27
Suppose -13*s = -9*s. Suppose s = -39*o + 43*o - 44. What is the remainder when 97 is divided by o?
9
Suppose -4*s - 5*k + 53 = 0, 3*s + 4*k - 16 - 25 = 0. Let r(f) = 2*f + 1. What is the remainder when r(s) is divided by (15/6)/(13/52)?
5
Suppose -9*f + 11*f - 156 = 0. Calculate the remainder when f is divided by 4 + 4/((-8)/(-50)).
20
Let h = 569 + -544. Suppose -230 = -4*s + 258. Calculate the remainder when s is divided by h.
22
Let v = -12 - -17. Suppose -t - 6*z = -3*z - 12, v*t - 2*z = -8. Suppose t = -3*r + 17 - 8. What is the remainder when 10 is divided by r?
1
Let a(n) = 44*n. Suppose -2*b = -2*z - 62, 3*b + 9*z - 85 = 4*z. Calculate the remainder when a(2) is divided by b.
28
Suppose m - 3*a = -a + 66, -4*m = -a - 243. Suppose d + 3*d - 39 = c, -5*d + 42 = c. What is the remainder when m is divided by d?
6
What is the remainder when 74 is divided by 27/(2/(-4 - -6))?
20
Let i(s) = 4 + 8*s**2 + 2*s**3 - 3*s**3 - 15*s + 8*s**2 + 5. Suppose -3*n + 118 = -5. Calculate the remainder when n is divided by i(15).
5
Suppose -76*y = -111*y + 6685. What is the remainder when 206 is divided by y?
15
Suppose 2*h = 4*y - 120, -5*h - 6 = -2*h. What is the remainder when y is divided by 11?
7
Calculate the remainder when 145 is divided by 145/21 + 16/168.
5
Suppose -5*b - 4*q = -2309, b - 473 = -q + 3*q. Calculate the remainder when b is divided by 6.
3
Suppose 6*t - 2394 = 1794. Calculate the remainder when t is divided by 50.
48
Let b = -86 - -121. Let r(z) = 853 - 2*z + 4*z - 845. What is the remainder when b is divided by r(2)?
11
Suppose 0 = -4*t + f + 524, -3*t = 5*f - 178 - 192. Suppose 121*m - 126*m + 200 = -5*z, 0 = 3*m + 5*z - 64. What is the remainder when t is divided by m?
31
Let s(l) be the first derivative of -3*l**3/2 + 2*l**2 + 8*l - 3. Let h(u) be the first derivative of s(u). What is the remainder when 87 is divided by h(-2)?
21
Suppose -5264 = -12*s + 19912. Calculate the remainder when s is divided by 7.
5
Let d be ((-160)/6)/4 + (-6)/18. Let u(m) = -m + 7. Calculate the remainder when 52 is divided by u(d).
10
Suppose -5*z - 3*u + 341 = 0, 3*u - 67 = -3*z + 140. Calculate the remainder when 257 is divided by z.
56
Let m = -79 - -107. What is the remainder when m is divided by 16?
12
Suppose 2*g - 4*w - 36 = 0, g - 5 = 4*w + 9. Calculate the remainder when g is divided by 3.
1
Let b(p) = p**2 - 18*p + 18. Let k be 6*3/(-6) + 21. Calculate the remainder when b(k) is divided by 4.
2
Let y(o) = -o**3 + 5*o + 7. Suppose 3*l + l = -12. Calculate the remainder when 94 is divided by y(l).
18
Let t = -289 - -375. What is the remainder when t is divided by 46?
40
Suppose -15*r = -454 + 229. Suppose w - 4*w + 132 = 0. What is the remainder when w is divided by r?
14
Let h(m) = 2*m**2 - m + 1. Let j be h(1). Suppose 0 = -j*o - 0*o + 72. What is the remainder when 105 is divided by o?
33
Suppose 4*w = 244 - 16. What is the remainder when w is divided by ((-1)/2 - -1)*20?
7
Calculate the remainder when 67 is divided by 7 - (-1*1)/(2/(-4)).
2
Let q(i) be the first derivative of -4*i**2 - 16*i - 1. What is the remainder when 117 is divided by q(-7)?
37
Suppose s - 5*s + 232 = 0. Let i = -56 + s. Calculate the remainder when 4 is divided by i.
0
Let s(x) = 8*x**2 + 4*x + 3. Let w(j) = 7*j**2 + 3*j + 2. Let i(h) = -3*s(h) + 4*w(h). Let g = -26 + 29. What is the remainder when i(g) is divided by 9?
8
Suppose -15 = w - 2*d - 5, 3*w - 3*d + 15 = 0. Suppose -c + w = 15. Let a = c + 60. What is the remainder when a is divided by 17?
11
Let o = 241 - 57. Let h = o + -107. Let a = -6 + 26. What is the remainder when h is divided by a?
17
Calculate the remainder when (1773/9)/(4*6/24) is divided by 79.
39
Suppose -k + 6 = -2. Let v = -7 - -10. What is the remainder when k is divided by v?
2
Suppose -103 + 865 = 6*d. Calculate the remainder when d is divided by 44.
39
Suppose 4*v - 4 = 0, 10 + 16 = 5*i + v. Suppose i*k = -h + 31, h - k + 0*k - 7 = 0. What is the remainder when 21 is divided by h?
10
Let q = 18 + -1. Let r(k) = 2*k**2 - k - 1. Let u be r(-6). Suppose v + q = s, v - 4*v = 5*s - u. Calculate the remainder when 31 is divided by s.
15
What is the remainder when 96 is divided by (-11)/4*(1 + -9)?
8
What is the remainder when 146/(-10 - -19 - 7) is divided by 13?
8
Let l = 19 - 23. Let r = l - -21. Calculate the remainder when (124/(-8))/(-2*(-1)/(-4)) is divided by r.
14
Calculate the remainder when 26 is divided by (-40)/(-180) - (-97)/9.
4
Suppose i = 5*b + 338, 1322 = 7*i - 3*i - 5*b. Calculate the remainder when i is divided by 40.
8
Let d be 7/2*20/35. What is the remainder when 5454/90 + d/5 is divided by 17?
10
Suppose -10*r = 16*r - 1820. What is the remainder when r is divided by 12?
10
Suppose j = -3*s + 2043, -2*s + 4*j = -10*s + 5448. Calculate the remainder when s is divided by 36.
33
Let s(i) = -23*i - 46. Calculate the remainder when 80 is divided by s(-4).
34
Suppose 4*w = -3*a - 8, 0*w - 2*w + a - 14 = 0. Let d(f) = 5*f**2 - 6*f + 3. Calculate the remainder when d(w) is divided by 23.
20
Let l(k) = 16*k - 415. Calculate the remainder when 192 is divided by l(28).
27
Suppose 9*f + 357 = 16*f. Calculate the remainder when 150 is divided by f.
48
Suppose 3*m = -5*s + 525 - 78, 5*m + 7*s - 741 = 0. What is the remainder when m is divided by (58/(-4))/(2/(-4))?
28
Suppose 0 = -6*n + 4*n + 36. Suppose 0 = -4*u + 14 + n. Suppose 2*w - 2*d - 56 = 0, -4*d = -5*w + 203 - 68. What is the remainder when w is divided by u?
7
Let s(c) = 2*c + 14. Let i be s(-5). Suppose 5*m - 125 = -5*k, -27 = -k + i*m - 7*m. Calculate the remainder when 46 is divided by k.
22
Let g(h) be the first derivative of 7*h**3/3 + h + 3. Calculate the remainder when g(-2) is divided by 15.
14
Let d = 509 - 395. What is the remainder when d is divided by 29?
27
Let h be (-1738)/10 + 15/(-75). Le